the prime factors of 714453185.
5, 142890637
List the prime factors of 2587333033.
47, 55049639
List the prime factors of 14119746.
2, 3, 23, 102317
List the prime factors of 69790929.
3, 13, 907, 1973
What are the prime factors of 1548349917?
3, 1949, 264811
What are the prime factors of 11366757?
3, 73, 79
What are the prime factors of 72717669?
3, 233, 3853
What are the prime factors of 99321778?
2, 19, 2613731
List the prime factors of 395069391.
3, 467, 93997
What are the prime factors of 1073339521?
6899, 155579
List the prime factors of 446092889.
11, 23, 773, 2281
What are the prime factors of 629539523?
137, 4595179
List the prime factors of 606044578.
2, 59, 109, 47119
List the prime factors of 140463182.
2, 29, 89, 27211
What are the prime factors of 2050336055?
5, 410067211
What are the prime factors of 102700614?
2, 3, 1129, 15161
List the prime factors of 374347380.
2, 3, 5, 11, 51563
What are the prime factors of 34991942?
2, 41, 426731
What are the prime factors of 605330822?
2, 139, 2177449
What are the prime factors of 62215949?
197, 313, 1009
List the prime factors of 667385464.
2, 2999, 27817
List the prime factors of 485488270.
2, 5, 137, 354371
List the prime factors of 48156714.
2, 3, 41, 21751
List the prime factors of 114475937.
114475937
List the prime factors of 501228594.
2, 3, 9282011
What are the prime factors of 3328856980?
2, 5, 101, 1647949
List the prime factors of 15334157.
15334157
What are the prime factors of 1137555709?
797, 1427297
What are the prime factors of 2238119133?
3, 811, 919901
List the prime factors of 1610685127.
1610685127
List the prime factors of 67288445.
5, 7, 31, 62017
List the prime factors of 10999106.
2, 23, 157, 1523
What are the prime factors of 3502210628?
2, 7, 125078951
What are the prime factors of 4559804362?
2, 17, 134111893
List the prime factors of 833334695.
5, 137, 1216547
List the prime factors of 348845109.
3, 7489, 15527
List the prime factors of 10776295.
5, 2155259
What are the prime factors of 2368018377?
3, 233, 311, 3631
List the prime factors of 49990975.
5, 631, 3169
List the prime factors of 9716768.
2, 303649
List the prime factors of 3644598212.
2, 53, 151, 257, 443
List the prime factors of 5587400261.
5587400261
What are the prime factors of 9728322?
2, 3, 131, 12377
List the prime factors of 564930659.
79, 7151021
What are the prime factors of 64705366?
2, 11, 17, 10177
What are the prime factors of 94778578?
2, 47389289
List the prime factors of 603979011.
3, 19, 23, 113, 151
List the prime factors of 74490844.
2, 18622711
List the prime factors of 63638889.
3, 941, 22543
What are the prime factors of 56072897?
4339, 12923
What are the prime factors of 5921198?
2, 19, 155821
What are the prime factors of 3525953888?
2, 31, 151, 23539
What are the prime factors of 637429410?
2, 3, 5, 53, 133633
What are the prime factors of 146216849?
146216849
List the prime factors of 6347843575.
5, 907, 279949
List the prime factors of 594389320.
2, 5, 7, 613, 3463
List the prime factors of 994638066.
2, 3, 165773011
List the prime factors of 975343145.
5, 7, 73, 381739
What are the prime factors of 68793487?
7, 127, 77383
What are the prime factors of 480741496?
2, 19, 3162773
List the prime factors of 2142983697.
3, 173, 4129063
What are the prime factors of 57027850?
2, 5, 11, 103687
List the prime factors of 17150967.
3, 31, 661
List the prime factors of 982921444.
2, 71, 1259, 2749
List the prime factors of 229526291.
83, 359, 7703
What are the prime factors of 1175265799?
23, 51098513
List the prime factors of 135648749.
727, 186587
What are the prime factors of 27490771?
7, 11, 223, 1601
What are the prime factors of 150171123?
3, 37, 1352893
What are the prime factors of 1369658403?
3, 43, 393241
List the prime factors of 151757939.
151757939
What are the prime factors of 73543966?
2, 31, 53, 22381
List the prime factors of 39941405.
5, 7, 71, 16073
What are the prime factors of 79810236?
2, 3, 11, 43, 109
What are the prime factors of 163522824?
2, 3, 23, 296237
What are the prime factors of 6389218?
2, 11, 290419
List the prime factors of 178195610.
2, 5, 17819561
List the prime factors of 4468997529.
3, 37, 1491157
List the prime factors of 494488239.
3, 7, 37, 636407
List the prime factors of 111747408.
2, 3, 2328071
List the prime factors of 35848997.
35848997
What are the prime factors of 591104693?
591104693
List the prime factors of 53649268.
2, 2683, 4999
List the prime factors of 358891110.
2, 3, 5, 1889, 2111
List the prime factors of 6645687118.
2, 7, 293, 839, 1931
List the prime factors of 414261665.
5, 29, 2856977
List the prime factors of 1664429131.
1664429131
List the prime factors of 278209477.
7, 13, 41, 74567
List the prime factors of 140221578.
2, 3, 7, 3338609
List the prime factors of 575210917.
37, 15546241
List the prime factors of 96707536.
2, 6044221
List the prime factors of 3107236373.
41, 43, 1762471
List the prime factors of 3565181.
3565181
What are the prime factors of 107074681?
7, 53, 257, 1123
List the prime factors of 62550368.
2, 1954699
List the prime factors of 1143501070.
2, 5, 41, 47, 59341
What are the prime factors of 15255654?
2, 3, 2542609
List the prime factors of 201930591.
3, 601, 111997
What are the prime factors of 1004335311?
3, 7, 6832213
What are the prime factors of 1359405828?
2, 3, 11, 191, 1997
List the prime factors of 4964708344.
2, 313, 983, 2017
List the prime factors of 48451172.
2, 7, 11, 47, 3347
What are the prime factors of 291960913?
291960913
What are the prime factors of 3780809774?
2, 7, 1009, 267649
List the prime factors of 371149362.
2, 3, 419, 49211
What are the prime factors of 1037611064?
2, 7, 2646967
List the prime factors of 1003676165.
5, 431, 465743
List the prime factors of 383715931.
383715931
What are the prime factors of 309081061?
23, 103, 130469
What are the prime factors of 40570218?
2, 3, 13, 281, 617
List the prime factors of 391690516.
2, 7, 61, 181
List the prime factors of 574681431.
3, 191560477
List the prime factors of 42273589.
42273589
What are the prime factors of 1320400184?
2, 165050023
What are the prime factors of 2735551650?
2, 3, 5, 13, 1402847
List the prime factors of 40746472.
2, 13, 37, 10589
List the prime factors of 145414380.
2, 3, 5, 1531, 1583
List the prime factors of 125683096.
2, 7, 11, 373, 547
List the prime factors of 2974147.
11, 101, 2677
What are the prime factors of 192730130?
2, 5, 19273013
What are the prime factors of 13070182?
2, 6535091
List the prime factors of 1705072641.
3, 568357547
What are the prime factors of 1638906585?
3, 5, 109260439
What are the prime factors of 76958119?
7, 2617, 4201
What are the prime factors of 826001923?
47, 347, 50647
What are the prime factors of 59351851?
13, 661, 6907
What are the prime factors of 45932403?
3, 11, 23, 73, 829
List the prime factors of 1361508.
2, 3, 23, 4933
List the prime factors of 486002557.
181, 2685097
What are the prime factors of 3840004009?
3840004009
List the prime factors of 1067241614.
2, 533620807
List the prime factors of 104729233.
7, 14961319
List the prime factors of 315019577.
315019577
What are the prime factors of 65711737?
7, 13, 347, 2081
List the prime factors of 601480318.
2, 300740159
List the prime factors of 113275629.
3, 359, 35059
What are the prime factors of 125250527?
19, 6592133
What are the prime factors of 298716539?
11, 3001, 9049
What are the prime factors of 352056229?
7, 20947
What are the prime factors of 1781525447?
13, 1303, 105173
List the prime factors of 6462161989.
6462161989
List the prime factors of 76035263.
23, 599, 5519
What are the prime factors of 66974319?
3, 7441591
List the prime factors of 121406681.
11, 1003361
What are the prime factors of 32897621?
41, 197, 4073
List the prime factors of 35223922.
2, 29, 607309
List the prime factors of 3550793132.
2, 4933, 179951
List the prime factors of 759579208.
2, 94947401
What are the prime factors of 194337192?
2, 3, 7, 1156769
What are the prime factors of 77928495?
3, 5, 41, 126713
List the prime factors of 893247738.
2, 3, 1439, 103457
What are the prime factors of 363421020?
2, 3, 5, 6057017
What are the prime factors of 68387571?
3, 7, 103, 1171
List the prime factors of 